{"id":242,"date":"2023-05-12T00:39:21","date_gmt":"2023-05-12T00:39:21","guid":{"rendered":"https:\/\/fundacionfaro.org\/?page_id=242"},"modified":"2023-05-12T16:23:29","modified_gmt":"2023-05-12T16:23:29","slug":"nuestros-servicios","status":"publish","type":"page","link":"https:\/\/fundacionfaro.org\/?page_id=242","title":{"rendered":"Nuestros servicios"},"content":{"rendered":"\n<div style=\"height:100px\" aria-hidden=\"true\" class=\"wp-block-spacer\"><\/div>\n\n\n\n<div class=\"wp-block-media-text alignwide is-stacked-on-mobile\"><figure class=\"wp-block-media-text__media\"><img loading=\"lazy\" decoding=\"async\" width=\"1024\" height=\"576\" src=\"https:\/\/fundacionfaro.org\/wp-content\/uploads\/2023\/05\/3ba7972c-6dee-461f-a0fa-86905a353d48-1-1024x576.jpeg\" alt=\"\" class=\"wp-image-243 size-full\" srcset=\"https:\/\/fundacionfaro.org\/wp-content\/uploads\/2023\/05\/3ba7972c-6dee-461f-a0fa-86905a353d48-1-1024x576.jpeg 1024w, https:\/\/fundacionfaro.org\/wp-content\/uploads\/2023\/05\/3ba7972c-6dee-461f-a0fa-86905a353d48-1-300x169.jpeg 300w, https:\/\/fundacionfaro.org\/wp-content\/uploads\/2023\/05\/3ba7972c-6dee-461f-a0fa-86905a353d48-1-768x432.jpeg 768w, https:\/\/fundacionfaro.org\/wp-content\/uploads\/2023\/05\/3ba7972c-6dee-461f-a0fa-86905a353d48-1.jpeg 1280w\" sizes=\"auto, (max-width: 1024px) 100vw, 1024px\" \/><\/figure><div class=\"wp-block-media-text__content\">\n<p>Programas de promoci\u00f3n de Derechos y Prevenci\u00f3n de Riesgos en ni\u00f1os, ni\u00f1as adolescentes y J\u00f3venes en comunidades vulnerables.<\/p>\n\n\n\n<p>Administraci\u00f3n de programas y modalidades de atenci\u00f3n y protecci\u00f3n de ni\u00f1os, ni\u00f1as adolescentes y J\u00f3venes para el restablecimiento de sus derechos y la promoci\u00f3n de sus proyectos de vida en condiciones de seguridad e igualdad.<\/p>\n<\/div><\/div>\n\n\n\n<div style=\"height:100px\" aria-hidden=\"true\" class=\"wp-block-spacer\"><\/div>\n\n\n\n<div class=\"wp-block-media-text alignwide has-media-on-the-right is-stacked-on-mobile\"><div class=\"wp-block-media-text__content\">\n<p>Atenciones de apoyo individual, familiar, grupal o comunitaria para la superaci\u00f3n de problem\u00e1ticas asociadas al consumo de sustancias y otras adicciones con base en un modelo propio basado en evidencia cient\u00edfica.<\/p>\n\n\n\n<p>Atenci\u00f3n intramural o comunitaria para la deshabituaci\u00f3n de condiciones de vida en calle a trav\u00e9s de programas de acompa\u00f1amiento psicosocial, formaci\u00f3n prelaboral e inclusi\u00f3n familiar y sociolaboral.<\/p>\n<\/div><figure class=\"wp-block-media-text__media\"><img loading=\"lazy\" decoding=\"async\" width=\"1024\" height=\"768\" src=\"https:\/\/fundacionfaro.org\/wp-content\/uploads\/2023\/05\/4c2b7fd8-2d44-4105-bd2b-22d787639f0b-1024x768.jpeg\" alt=\"\" class=\"wp-image-244 size-full\" srcset=\"https:\/\/fundacionfaro.org\/wp-content\/uploads\/2023\/05\/4c2b7fd8-2d44-4105-bd2b-22d787639f0b-1024x768.jpeg 1024w, https:\/\/fundacionfaro.org\/wp-content\/uploads\/2023\/05\/4c2b7fd8-2d44-4105-bd2b-22d787639f0b-300x225.jpeg 300w, https:\/\/fundacionfaro.org\/wp-content\/uploads\/2023\/05\/4c2b7fd8-2d44-4105-bd2b-22d787639f0b-768x576.jpeg 768w, https:\/\/fundacionfaro.org\/wp-content\/uploads\/2023\/05\/4c2b7fd8-2d44-4105-bd2b-22d787639f0b-1536x1152.jpeg 1536w, https:\/\/fundacionfaro.org\/wp-content\/uploads\/2023\/05\/4c2b7fd8-2d44-4105-bd2b-22d787639f0b.jpeg 1600w\" sizes=\"auto, (max-width: 1024px) 100vw, 1024px\" \/><\/figure><\/div>\n\n\n\n<div style=\"height:100px\" aria-hidden=\"true\" class=\"wp-block-spacer\"><\/div>\n\n\n\n<div class=\"wp-block-media-text alignwide is-stacked-on-mobile\"><figure class=\"wp-block-media-text__media\"><img loading=\"lazy\" decoding=\"async\" width=\"1024\" height=\"576\" src=\"https:\/\/fundacionfaro.org\/wp-content\/uploads\/2023\/05\/181b0d5f-2bbe-460a-810c-68c4250bafef-1024x576.jpeg\" alt=\"\" class=\"wp-image-245 size-full\" srcset=\"https:\/\/fundacionfaro.org\/wp-content\/uploads\/2023\/05\/181b0d5f-2bbe-460a-810c-68c4250bafef-1024x576.jpeg 1024w, https:\/\/fundacionfaro.org\/wp-content\/uploads\/2023\/05\/181b0d5f-2bbe-460a-810c-68c4250bafef-300x169.jpeg 300w, https:\/\/fundacionfaro.org\/wp-content\/uploads\/2023\/05\/181b0d5f-2bbe-460a-810c-68c4250bafef-768x432.jpeg 768w, https:\/\/fundacionfaro.org\/wp-content\/uploads\/2023\/05\/181b0d5f-2bbe-460a-810c-68c4250bafef.jpeg 1280w\" sizes=\"auto, (max-width: 1024px) 100vw, 1024px\" \/><\/figure><div class=\"wp-block-media-text__content\">\n<p>Dise\u00f1o e implementaci\u00f3n de programas y actividades de orientaci\u00f3n individual, familiar o socio comunitaria para el mejoramiento de las condiciones de salud mental, bienestar emocional y desarrollo personal en \u00e1mbitos escolares, laborales e institucionales.<\/p>\n<\/div><\/div>\n\n\n\n<div style=\"height:100px\" aria-hidden=\"true\" class=\"wp-block-spacer\"><\/div>\n\n\n\n<div class=\"wp-block-buttons is-layout-flex wp-block-buttons-is-layout-flex\">\n<div class=\"wp-block-button\"><a class=\"wp-block-button__link has-vivid-cyan-blue-background-color has-background wp-element-button\" href=\"https:\/\/fundacionfaro.org\/?page_id=140\">SEDES DE SERVICIO<\/a><\/div>\n<\/div>\n\n\n\n<div style=\"height:100px\" aria-hidden=\"true\" class=\"wp-block-spacer\"><\/div>\n","protected":false},"excerpt":{"rendered":"<p>Programas de promoci\u00f3n de Derechos y Prevenci\u00f3n de Riesgos en ni\u00f1os, ni\u00f1as adolescentes y J\u00f3venes en comunidades vulnerables. Administraci\u00f3n de programas y modalidades de atenci\u00f3n y protecci\u00f3n de ni\u00f1os, ni\u00f1as adolescentes y J\u00f3venes para el restablecimiento de sus derechos y la promoci\u00f3n de sus proyectos de vida en condiciones de seguridad e igualdad. Atenciones de &hellip; <\/p>\n<p class=\"link-more\"><a href=\"https:\/\/fundacionfaro.org\/?page_id=242\" class=\"more-link\">Leer m\u00e1s<span class=\"screen-reader-text\"> \u00abNuestros servicios\u00bb<\/span><\/a><\/p>\n","protected":false},"author":1,"featured_media":161,"parent":0,"menu_order":0,"comment_status":"closed","ping_status":"closed","template":"","meta":{"footnotes":""},"class_list":["post-242","page","type-page","status-publish","has-post-thumbnail","hentry"],"_links":{"self":[{"href":"https:\/\/fundacionfaro.org\/index.php?rest_route=\/wp\/v2\/pages\/242","targetHints":{"allow":["GET"]}}],"collection":[{"href":"https:\/\/fundacionfaro.org\/index.php?rest_route=\/wp\/v2\/pages"}],"about":[{"href":"https:\/\/fundacionfaro.org\/index.php?rest_route=\/wp\/v2\/types\/page"}],"author":[{"embeddable":true,"href":"https:\/\/fundacionfaro.org\/index.php?rest_route=\/wp\/v2\/users\/1"}],"replies":[{"embeddable":true,"href":"https:\/\/fundacionfaro.org\/index.php?rest_route=%2Fwp%2Fv2%2Fcomments&post=242"}],"version-history":[{"count":5,"href":"https:\/\/fundacionfaro.org\/index.php?rest_route=\/wp\/v2\/pages\/242\/revisions"}],"predecessor-version":[{"id":333,"href":"https:\/\/fundacionfaro.org\/index.php?rest_route=\/wp\/v2\/pages\/242\/revisions\/333"}],"wp:featuredmedia":[{"embeddable":true,"href":"https:\/\/fundacionfaro.org\/index.php?rest_route=\/wp\/v2\/media\/161"}],"wp:attachment":[{"href":"https:\/\/fundacionfaro.org\/index.php?rest_route=%2Fwp%2Fv2%2Fmedia&parent=242"}],"curies":[{"name":"wp","href":"https:\/\/api.w.org\/{rel}","templated":true}]}}

<div style="height:100px" aria-hidden="true" class="wp-block-spacer"></div>



<div class="wp-block-media-text alignwide is-stacked-on-mobile"><figure class="wp-block-media-text__media"><img loading="lazy" decoding="async" width="1024" height="576" src="https://fundacionfaro.org/wp-content/uploads/2023/05/3ba7972c-6dee-461f-a0fa-86905a353d48-1-1024x576.jpeg" alt="" class="wp-image-243 size-full" srcset="https://fundacionfaro.org/wp-content/uploads/2023/05/3ba7972c-6dee-461f-a0fa-86905a353d48-1-1024x576.jpeg 1024w, https://fundacionfaro.org/wp-content/uploads/2023/05/3ba7972c-6dee-461f-a0fa-86905a353d48-1-300x169.jpeg 300w, https://fundacionfaro.org/wp-content/uploads/2023/05/3ba7972c-6dee-461f-a0fa-86905a353d48-1-768x432.jpeg 768w, https://fundacionfaro.org/wp-content/uploads/2023/05/3ba7972c-6dee-461f-a0fa-86905a353d48-1.jpeg 1280w" sizes="auto, (max-width: 1024px) 100vw, 1024px" /></figure><div class="wp-block-media-text__content">
<p>Programas de promoción de Derechos y Prevención de Riesgos en niños, niñas adolescentes y Jóvenes en comunidades vulnerables.</p>



<p>Administración de programas y modalidades de atención y protección de niños, niñas adolescentes y Jóvenes para el restablecimiento de sus derechos y la promoción de sus proyectos de vida en condiciones de seguridad e igualdad.</p>
</div></div>



<div style="height:100px" aria-hidden="true" class="wp-block-spacer"></div>



<div class="wp-block-media-text alignwide has-media-on-the-right is-stacked-on-mobile"><div class="wp-block-media-text__content">
<p>Atenciones de apoyo individual, familiar, grupal o comunitaria para la superación de problemáticas asociadas al consumo de sustancias y otras adicciones con base en un modelo propio basado en evidencia científica.</p>



<p>Atención intramural o comunitaria para la deshabituación de condiciones de vida en calle a través de programas de acompañamiento psicosocial, formación prelaboral e inclusión familiar y sociolaboral.</p>
</div><figure class="wp-block-media-text__media"><img loading="lazy" decoding="async" width="1024" height="768" src="https://fundacionfaro.org/wp-content/uploads/2023/05/4c2b7fd8-2d44-4105-bd2b-22d787639f0b-1024x768.jpeg" alt="" class="wp-image-244 size-full" srcset="https://fundacionfaro.org/wp-content/uploads/2023/05/4c2b7fd8-2d44-4105-bd2b-22d787639f0b-1024x768.jpeg 1024w, https://fundacionfaro.org/wp-content/uploads/2023/05/4c2b7fd8-2d44-4105-bd2b-22d787639f0b-300x225.jpeg 300w, https://fundacionfaro.org/wp-content/uploads/2023/05/4c2b7fd8-2d44-4105-bd2b-22d787639f0b-768x576.jpeg 768w, https://fundacionfaro.org/wp-content/uploads/2023/05/4c2b7fd8-2d44-4105-bd2b-22d787639f0b-1536x1152.jpeg 1536w, https://fundacionfaro.org/wp-content/uploads/2023/05/4c2b7fd8-2d44-4105-bd2b-22d787639f0b.jpeg 1600w" sizes="auto, (max-width: 1024px) 100vw, 1024px" /></figure></div>



<div style="height:100px" aria-hidden="true" class="wp-block-spacer"></div>



<div class="wp-block-media-text alignwide is-stacked-on-mobile"><figure class="wp-block-media-text__media"><img loading="lazy" decoding="async" width="1024" height="576" src="https://fundacionfaro.org/wp-content/uploads/2023/05/181b0d5f-2bbe-460a-810c-68c4250bafef-1024x576.jpeg" alt="" class="wp-image-245 size-full" srcset="https://fundacionfaro.org/wp-content/uploads/2023/05/181b0d5f-2bbe-460a-810c-68c4250bafef-1024x576.jpeg 1024w, https://fundacionfaro.org/wp-content/uploads/2023/05/181b0d5f-2bbe-460a-810c-68c4250bafef-300x169.jpeg 300w, https://fundacionfaro.org/wp-content/uploads/2023/05/181b0d5f-2bbe-460a-810c-68c4250bafef-768x432.jpeg 768w, https://fundacionfaro.org/wp-content/uploads/2023/05/181b0d5f-2bbe-460a-810c-68c4250bafef.jpeg 1280w" sizes="auto, (max-width: 1024px) 100vw, 1024px" /></figure><div class="wp-block-media-text__content">
<p>Diseño e implementación de programas y actividades de orientación individual, familiar o socio comunitaria para el mejoramiento de las condiciones de salud mental, bienestar emocional y desarrollo personal en ámbitos escolares, laborales e institucionales.</p>
</div></div>



<div style="height:100px" aria-hidden="true" class="wp-block-spacer"></div>



<div class="wp-block-buttons is-layout-flex wp-block-buttons-is-layout-flex">
<div class="wp-block-button"><a class="wp-block-button__link has-vivid-cyan-blue-background-color has-background wp-element-button" href="https://fundacionfaro.org/?page_id=140">SEDES DE SERVICIO</a></div>
</div>



<div style="height:100px" aria-hidden="true" class="wp-block-spacer"></div>

<p>Programas de promoción de Derechos y Prevención de Riesgos en niños, niñas adolescentes y Jóvenes en comunidades vulnerables. Administración de programas y modalidades de atención y protección de niños, niñas adolescentes y Jóvenes para el restablecimiento de sus derechos y la promoción de sus proyectos de vida en condiciones de seguridad e igualdad. Atenciones de &hellip; </p>
<p class="link-more"><a href="https://fundacionfaro.org/?page_id=242" class="more-link">Leer más<span class="screen-reader-text"> «Nuestros servicios»</span></a></p>
