{"id":210,"date":"2023-05-12T00:16:38","date_gmt":"2023-05-12T00:16:38","guid":{"rendered":"https:\/\/fundacionfaro.org\/?page_id=210"},"modified":"2025-02-13T16:47:34","modified_gmt":"2025-02-13T16:47:34","slug":"feliz-mes-de-las-madres","status":"publish","type":"page","link":"https:\/\/fundacionfaro.org\/?page_id=210","title":{"rendered":"Noticias y Novedades Faro"},"content":{"rendered":"\n<div class=\"wp-block-cover alignfull\" style=\"min-height:700px;aspect-ratio:unset;\"><span aria-hidden=\"true\" class=\"wp-block-cover__background has-black-background-color has-background-dim-60 has-background-dim\"><\/span><img loading=\"lazy\" decoding=\"async\" width=\"1600\" height=\"900\" class=\"wp-block-cover__image-background wp-image-382\" alt=\"\" src=\"http:\/\/fundacionfaro.org\/wp-content\/uploads\/2025\/02\/WhatsApp-Image-2025-02-13-at-5.44.46-AM.jpeg\" data-object-fit=\"cover\" srcset=\"https:\/\/fundacionfaro.org\/wp-content\/uploads\/2025\/02\/WhatsApp-Image-2025-02-13-at-5.44.46-AM.jpeg 1600w, https:\/\/fundacionfaro.org\/wp-content\/uploads\/2025\/02\/WhatsApp-Image-2025-02-13-at-5.44.46-AM-300x169.jpeg 300w, https:\/\/fundacionfaro.org\/wp-content\/uploads\/2025\/02\/WhatsApp-Image-2025-02-13-at-5.44.46-AM-1024x576.jpeg 1024w, https:\/\/fundacionfaro.org\/wp-content\/uploads\/2025\/02\/WhatsApp-Image-2025-02-13-at-5.44.46-AM-768x432.jpeg 768w, https:\/\/fundacionfaro.org\/wp-content\/uploads\/2025\/02\/WhatsApp-Image-2025-02-13-at-5.44.46-AM-1536x864.jpeg 1536w\" sizes=\"auto, (max-width: 1600px) 100vw, 1600px\" \/><div class=\"wp-block-cover__inner-container is-layout-flow wp-block-cover-is-layout-flow\">\n<p class=\"has-text-align-center has-white-color has-text-color\" style=\"font-size:70px;font-style:italic;font-weight:700\">12 de Febrero<\/p>\n\n\n\n<p class=\"has-text-align-center has-white-color has-text-color has-large-font-size\" style=\"letter-spacing:1px\">En el D\u00eda de las Manos Rojas, alzamos la voz contra el reclutamiento infantil. Los ni\u00f1os y ni\u00f1as merecen crecer en paz, con oportunidades y sin violencia. \u00a1Protej\u00e1moslos! \ud83d\udeb8\u2764\ufe0f #ManosRojas #NoAlReclutamientoInfantil<\/p>\n<\/div><\/div>\n\n\n\n<div class=\"wp-block-group is-layout-grid wp-container-core-group-is-layout-9649a0d9 wp-block-group-is-layout-grid\">\n<figure class=\"wp-block-gallery has-nested-images columns-default is-cropped wp-block-gallery-1 wp-container-content-72558541 is-layout-flex wp-block-gallery-is-layout-flex\"><div class=\"wp-block-image\">\n<figure class=\"aligncenter size-large\"><img loading=\"lazy\" decoding=\"async\" width=\"1024\" height=\"768\" data-id=\"399\" src=\"https:\/\/fundacionfaro.org\/wp-content\/uploads\/2025\/02\/WhatsApp-Image-2025-02-13-at-11.00.27-AM-1024x768.jpeg\" alt=\"\" class=\"wp-image-399\" srcset=\"https:\/\/fundacionfaro.org\/wp-content\/uploads\/2025\/02\/WhatsApp-Image-2025-02-13-at-11.00.27-AM-1024x768.jpeg 1024w, https:\/\/fundacionfaro.org\/wp-content\/uploads\/2025\/02\/WhatsApp-Image-2025-02-13-at-11.00.27-AM-300x225.jpeg 300w, https:\/\/fundacionfaro.org\/wp-content\/uploads\/2025\/02\/WhatsApp-Image-2025-02-13-at-11.00.27-AM-768x576.jpeg 768w, https:\/\/fundacionfaro.org\/wp-content\/uploads\/2025\/02\/WhatsApp-Image-2025-02-13-at-11.00.27-AM-1536x1152.jpeg 1536w, https:\/\/fundacionfaro.org\/wp-content\/uploads\/2025\/02\/WhatsApp-Image-2025-02-13-at-11.00.27-AM.jpeg 1600w\" sizes=\"auto, (max-width: 1024px) 100vw, 1024px\" \/><\/figure>\n<\/div>\n\n\n<figure class=\"wp-block-image size-large\"><img loading=\"lazy\" decoding=\"async\" width=\"1024\" height=\"768\" data-id=\"388\" src=\"https:\/\/fundacionfaro.org\/wp-content\/uploads\/2025\/02\/WhatsApp-Image-2025-02-13-at-5.47.19-AM-1024x768.jpeg\" alt=\"\" class=\"wp-image-388\" srcset=\"https:\/\/fundacionfaro.org\/wp-content\/uploads\/2025\/02\/WhatsApp-Image-2025-02-13-at-5.47.19-AM-1024x768.jpeg 1024w, https:\/\/fundacionfaro.org\/wp-content\/uploads\/2025\/02\/WhatsApp-Image-2025-02-13-at-5.47.19-AM-300x225.jpeg 300w, https:\/\/fundacionfaro.org\/wp-content\/uploads\/2025\/02\/WhatsApp-Image-2025-02-13-at-5.47.19-AM-768x576.jpeg 768w, https:\/\/fundacionfaro.org\/wp-content\/uploads\/2025\/02\/WhatsApp-Image-2025-02-13-at-5.47.19-AM-1536x1152.jpeg 1536w, https:\/\/fundacionfaro.org\/wp-content\/uploads\/2025\/02\/WhatsApp-Image-2025-02-13-at-5.47.19-AM.jpeg 1600w\" sizes=\"auto, (max-width: 1024px) 100vw, 1024px\" \/><\/figure>\n\n\n\n<figure class=\"wp-block-image size-large\"><img loading=\"lazy\" decoding=\"async\" width=\"768\" height=\"1024\" data-id=\"390\" src=\"https:\/\/fundacionfaro.org\/wp-content\/uploads\/2025\/02\/WhatsApp-Image-2025-02-13-at-5.47.18-AM-1-768x1024.jpeg\" alt=\"\" class=\"wp-image-390\" srcset=\"https:\/\/fundacionfaro.org\/wp-content\/uploads\/2025\/02\/WhatsApp-Image-2025-02-13-at-5.47.18-AM-1-768x1024.jpeg 768w, https:\/\/fundacionfaro.org\/wp-content\/uploads\/2025\/02\/WhatsApp-Image-2025-02-13-at-5.47.18-AM-1-225x300.jpeg 225w, https:\/\/fundacionfaro.org\/wp-content\/uploads\/2025\/02\/WhatsApp-Image-2025-02-13-at-5.47.18-AM-1-1152x1536.jpeg 1152w, https:\/\/fundacionfaro.org\/wp-content\/uploads\/2025\/02\/WhatsApp-Image-2025-02-13-at-5.47.18-AM-1.jpeg 1200w\" sizes=\"auto, (max-width: 768px) 100vw, 768px\" \/><\/figure>\n\n\n\n<figure class=\"wp-block-image size-large\"><img loading=\"lazy\" decoding=\"async\" width=\"826\" height=\"1024\" data-id=\"387\" src=\"https:\/\/fundacionfaro.org\/wp-content\/uploads\/2025\/02\/WhatsApp-Image-2025-02-13-at-9.15.18-AM-826x1024.jpeg\" alt=\"\" class=\"wp-image-387\" srcset=\"https:\/\/fundacionfaro.org\/wp-content\/uploads\/2025\/02\/WhatsApp-Image-2025-02-13-at-9.15.18-AM-826x1024.jpeg 826w, https:\/\/fundacionfaro.org\/wp-content\/uploads\/2025\/02\/WhatsApp-Image-2025-02-13-at-9.15.18-AM-242x300.jpeg 242w, https:\/\/fundacionfaro.org\/wp-content\/uploads\/2025\/02\/WhatsApp-Image-2025-02-13-at-9.15.18-AM-768x952.jpeg 768w, https:\/\/fundacionfaro.org\/wp-content\/uploads\/2025\/02\/WhatsApp-Image-2025-02-13-at-9.15.18-AM.jpeg 1033w\" sizes=\"auto, (max-width: 826px) 100vw, 826px\" \/><\/figure>\n\n\n\n<figure class=\"wp-block-image size-large\"><img loading=\"lazy\" decoding=\"async\" width=\"1024\" height=\"768\" data-id=\"393\" src=\"https:\/\/fundacionfaro.org\/wp-content\/uploads\/2025\/02\/WhatsApp-Image-2025-02-13-at-5.44.47-AM-1024x768.jpeg\" alt=\"\" class=\"wp-image-393\" srcset=\"https:\/\/fundacionfaro.org\/wp-content\/uploads\/2025\/02\/WhatsApp-Image-2025-02-13-at-5.44.47-AM-1024x768.jpeg 1024w, https:\/\/fundacionfaro.org\/wp-content\/uploads\/2025\/02\/WhatsApp-Image-2025-02-13-at-5.44.47-AM-300x225.jpeg 300w, https:\/\/fundacionfaro.org\/wp-content\/uploads\/2025\/02\/WhatsApp-Image-2025-02-13-at-5.44.47-AM-768x576.jpeg 768w, https:\/\/fundacionfaro.org\/wp-content\/uploads\/2025\/02\/WhatsApp-Image-2025-02-13-at-5.44.47-AM-1536x1153.jpeg 1536w, https:\/\/fundacionfaro.org\/wp-content\/uploads\/2025\/02\/WhatsApp-Image-2025-02-13-at-5.44.47-AM.jpeg 1599w\" sizes=\"auto, (max-width: 1024px) 100vw, 1024px\" \/><\/figure>\n\n\n\n<figure class=\"wp-block-image alignwide size-large\"><img loading=\"lazy\" decoding=\"async\" width=\"1024\" height=\"768\" data-id=\"396\" src=\"https:\/\/fundacionfaro.org\/wp-content\/uploads\/2025\/02\/WhatsApp-Image-2025-02-13-at-5.44.47-AM-1-edited-1024x768.jpeg\" alt=\"\" class=\"wp-image-396\" srcset=\"https:\/\/fundacionfaro.org\/wp-content\/uploads\/2025\/02\/WhatsApp-Image-2025-02-13-at-5.44.47-AM-1-edited-1024x768.jpeg 1024w, https:\/\/fundacionfaro.org\/wp-content\/uploads\/2025\/02\/WhatsApp-Image-2025-02-13-at-5.44.47-AM-1-edited-300x225.jpeg 300w, https:\/\/fundacionfaro.org\/wp-content\/uploads\/2025\/02\/WhatsApp-Image-2025-02-13-at-5.44.47-AM-1-edited-768x576.jpeg 768w, https:\/\/fundacionfaro.org\/wp-content\/uploads\/2025\/02\/WhatsApp-Image-2025-02-13-at-5.44.47-AM-1-edited.jpeg 1066w\" sizes=\"auto, (max-width: 1024px) 100vw, 1024px\" \/><\/figure>\n<\/figure>\n<\/div>\n\n\n\n<div style=\"height:100px\" aria-hidden=\"true\" class=\"wp-block-spacer\"><\/div>\n\n\n\n<figure class=\"wp-block-gallery has-nested-images columns-default is-cropped wp-block-gallery-2 is-layout-flex wp-block-gallery-is-layout-flex\"><\/figure>\n\n\n\n<div style=\"height:100px\" aria-hidden=\"true\" class=\"wp-block-spacer\"><\/div>\n\n\n\n<div style=\"height:100px\" aria-hidden=\"true\" class=\"wp-block-spacer\"><\/div>\n","protected":false},"excerpt":{"rendered":"","protected":false},"author":1,"featured_media":213,"parent":0,"menu_order":0,"comment_status":"closed","ping_status":"closed","template":"","meta":{"footnotes":""},"class_list":["post-210","page","type-page","status-publish","has-post-thumbnail","hentry"],"_links":{"self":[{"href":"https:\/\/fundacionfaro.org\/index.php?rest_route=\/wp\/v2\/pages\/210","targetHints":{"allow":["GET"]}}],"collection":[{"href":"https:\/\/fundacionfaro.org\/index.php?rest_route=\/wp\/v2\/pages"}],"about":[{"href":"https:\/\/fundacionfaro.org\/index.php?rest_route=\/wp\/v2\/types\/page"}],"author":[{"embeddable":true,"href":"https:\/\/fundacionfaro.org\/index.php?rest_route=\/wp\/v2\/users\/1"}],"replies":[{"embeddable":true,"href":"https:\/\/fundacionfaro.org\/index.php?rest_route=%2Fwp%2Fv2%2Fcomments&post=210"}],"version-history":[{"count":21,"href":"https:\/\/fundacionfaro.org\/index.php?rest_route=\/wp\/v2\/pages\/210\/revisions"}],"predecessor-version":[{"id":407,"href":"https:\/\/fundacionfaro.org\/index.php?rest_route=\/wp\/v2\/pages\/210\/revisions\/407"}],"wp:featuredmedia":[{"embeddable":true,"href":"https:\/\/fundacionfaro.org\/index.php?rest_route=\/wp\/v2\/media\/213"}],"wp:attachment":[{"href":"https:\/\/fundacionfaro.org\/index.php?rest_route=%2Fwp%2Fv2%2Fmedia&parent=210"}],"curies":[{"name":"wp","href":"https:\/\/api.w.org\/{rel}","templated":true}]}}

<div class="wp-block-cover alignfull" style="min-height:700px;aspect-ratio:unset;"><span aria-hidden="true" class="wp-block-cover__background has-black-background-color has-background-dim-60 has-background-dim"></span><img loading="lazy" decoding="async" width="1600" height="900" class="wp-block-cover__image-background wp-image-382" alt="" src="http://fundacionfaro.org/wp-content/uploads/2025/02/WhatsApp-Image-2025-02-13-at-5.44.46-AM.jpeg" data-object-fit="cover" srcset="https://fundacionfaro.org/wp-content/uploads/2025/02/WhatsApp-Image-2025-02-13-at-5.44.46-AM.jpeg 1600w, https://fundacionfaro.org/wp-content/uploads/2025/02/WhatsApp-Image-2025-02-13-at-5.44.46-AM-300x169.jpeg 300w, https://fundacionfaro.org/wp-content/uploads/2025/02/WhatsApp-Image-2025-02-13-at-5.44.46-AM-1024x576.jpeg 1024w, https://fundacionfaro.org/wp-content/uploads/2025/02/WhatsApp-Image-2025-02-13-at-5.44.46-AM-768x432.jpeg 768w, https://fundacionfaro.org/wp-content/uploads/2025/02/WhatsApp-Image-2025-02-13-at-5.44.46-AM-1536x864.jpeg 1536w" sizes="auto, (max-width: 1600px) 100vw, 1600px" /><div class="wp-block-cover__inner-container is-layout-flow wp-block-cover-is-layout-flow">
<p class="has-text-align-center has-white-color has-text-color" style="font-size:70px;font-style:italic;font-weight:700">12 de Febrero</p>



<p class="has-text-align-center has-white-color has-text-color has-large-font-size" style="letter-spacing:1px">En el Día de las Manos Rojas, alzamos la voz contra el reclutamiento infantil. Los niños y niñas merecen crecer en paz, con oportunidades y sin violencia. ¡Protejámoslos! 🚸❤️ #ManosRojas #NoAlReclutamientoInfantil</p>
</div></div>



<div class="wp-block-group is-layout-grid wp-container-core-group-is-layout-9649a0d9 wp-block-group-is-layout-grid">
<figure class="wp-block-gallery has-nested-images columns-default is-cropped wp-block-gallery-1 wp-container-content-72558541 is-layout-flex wp-block-gallery-is-layout-flex"><div class="wp-block-image">
<figure class="aligncenter size-large"><img loading="lazy" decoding="async" width="1024" height="768" data-id="399" src="https://fundacionfaro.org/wp-content/uploads/2025/02/WhatsApp-Image-2025-02-13-at-11.00.27-AM-1024x768.jpeg" alt="" class="wp-image-399" srcset="https://fundacionfaro.org/wp-content/uploads/2025/02/WhatsApp-Image-2025-02-13-at-11.00.27-AM-1024x768.jpeg 1024w, https://fundacionfaro.org/wp-content/uploads/2025/02/WhatsApp-Image-2025-02-13-at-11.00.27-AM-300x225.jpeg 300w, https://fundacionfaro.org/wp-content/uploads/2025/02/WhatsApp-Image-2025-02-13-at-11.00.27-AM-768x576.jpeg 768w, https://fundacionfaro.org/wp-content/uploads/2025/02/WhatsApp-Image-2025-02-13-at-11.00.27-AM-1536x1152.jpeg 1536w, https://fundacionfaro.org/wp-content/uploads/2025/02/WhatsApp-Image-2025-02-13-at-11.00.27-AM.jpeg 1600w" sizes="auto, (max-width: 1024px) 100vw, 1024px" /></figure>
</div>


<figure class="wp-block-image size-large"><img loading="lazy" decoding="async" width="1024" height="768" data-id="388" src="https://fundacionfaro.org/wp-content/uploads/2025/02/WhatsApp-Image-2025-02-13-at-5.47.19-AM-1024x768.jpeg" alt="" class="wp-image-388" srcset="https://fundacionfaro.org/wp-content/uploads/2025/02/WhatsApp-Image-2025-02-13-at-5.47.19-AM-1024x768.jpeg 1024w, https://fundacionfaro.org/wp-content/uploads/2025/02/WhatsApp-Image-2025-02-13-at-5.47.19-AM-300x225.jpeg 300w, https://fundacionfaro.org/wp-content/uploads/2025/02/WhatsApp-Image-2025-02-13-at-5.47.19-AM-768x576.jpeg 768w, https://fundacionfaro.org/wp-content/uploads/2025/02/WhatsApp-Image-2025-02-13-at-5.47.19-AM-1536x1152.jpeg 1536w, https://fundacionfaro.org/wp-content/uploads/2025/02/WhatsApp-Image-2025-02-13-at-5.47.19-AM.jpeg 1600w" sizes="auto, (max-width: 1024px) 100vw, 1024px" /></figure>



<figure class="wp-block-image size-large"><img loading="lazy" decoding="async" width="768" height="1024" data-id="390" src="https://fundacionfaro.org/wp-content/uploads/2025/02/WhatsApp-Image-2025-02-13-at-5.47.18-AM-1-768x1024.jpeg" alt="" class="wp-image-390" srcset="https://fundacionfaro.org/wp-content/uploads/2025/02/WhatsApp-Image-2025-02-13-at-5.47.18-AM-1-768x1024.jpeg 768w, https://fundacionfaro.org/wp-content/uploads/2025/02/WhatsApp-Image-2025-02-13-at-5.47.18-AM-1-225x300.jpeg 225w, https://fundacionfaro.org/wp-content/uploads/2025/02/WhatsApp-Image-2025-02-13-at-5.47.18-AM-1-1152x1536.jpeg 1152w, https://fundacionfaro.org/wp-content/uploads/2025/02/WhatsApp-Image-2025-02-13-at-5.47.18-AM-1.jpeg 1200w" sizes="auto, (max-width: 768px) 100vw, 768px" /></figure>



<figure class="wp-block-image size-large"><img loading="lazy" decoding="async" width="826" height="1024" data-id="387" src="https://fundacionfaro.org/wp-content/uploads/2025/02/WhatsApp-Image-2025-02-13-at-9.15.18-AM-826x1024.jpeg" alt="" class="wp-image-387" srcset="https://fundacionfaro.org/wp-content/uploads/2025/02/WhatsApp-Image-2025-02-13-at-9.15.18-AM-826x1024.jpeg 826w, https://fundacionfaro.org/wp-content/uploads/2025/02/WhatsApp-Image-2025-02-13-at-9.15.18-AM-242x300.jpeg 242w, https://fundacionfaro.org/wp-content/uploads/2025/02/WhatsApp-Image-2025-02-13-at-9.15.18-AM-768x952.jpeg 768w, https://fundacionfaro.org/wp-content/uploads/2025/02/WhatsApp-Image-2025-02-13-at-9.15.18-AM.jpeg 1033w" sizes="auto, (max-width: 826px) 100vw, 826px" /></figure>



<figure class="wp-block-image size-large"><img loading="lazy" decoding="async" width="1024" height="768" data-id="393" src="https://fundacionfaro.org/wp-content/uploads/2025/02/WhatsApp-Image-2025-02-13-at-5.44.47-AM-1024x768.jpeg" alt="" class="wp-image-393" srcset="https://fundacionfaro.org/wp-content/uploads/2025/02/WhatsApp-Image-2025-02-13-at-5.44.47-AM-1024x768.jpeg 1024w, https://fundacionfaro.org/wp-content/uploads/2025/02/WhatsApp-Image-2025-02-13-at-5.44.47-AM-300x225.jpeg 300w, https://fundacionfaro.org/wp-content/uploads/2025/02/WhatsApp-Image-2025-02-13-at-5.44.47-AM-768x576.jpeg 768w, https://fundacionfaro.org/wp-content/uploads/2025/02/WhatsApp-Image-2025-02-13-at-5.44.47-AM-1536x1153.jpeg 1536w, https://fundacionfaro.org/wp-content/uploads/2025/02/WhatsApp-Image-2025-02-13-at-5.44.47-AM.jpeg 1599w" sizes="auto, (max-width: 1024px) 100vw, 1024px" /></figure>



<figure class="wp-block-image alignwide size-large"><img loading="lazy" decoding="async" width="1024" height="768" data-id="396" src="https://fundacionfaro.org/wp-content/uploads/2025/02/WhatsApp-Image-2025-02-13-at-5.44.47-AM-1-edited-1024x768.jpeg" alt="" class="wp-image-396" srcset="https://fundacionfaro.org/wp-content/uploads/2025/02/WhatsApp-Image-2025-02-13-at-5.44.47-AM-1-edited-1024x768.jpeg 1024w, https://fundacionfaro.org/wp-content/uploads/2025/02/WhatsApp-Image-2025-02-13-at-5.44.47-AM-1-edited-300x225.jpeg 300w, https://fundacionfaro.org/wp-content/uploads/2025/02/WhatsApp-Image-2025-02-13-at-5.44.47-AM-1-edited-768x576.jpeg 768w, https://fundacionfaro.org/wp-content/uploads/2025/02/WhatsApp-Image-2025-02-13-at-5.44.47-AM-1-edited.jpeg 1066w" sizes="auto, (max-width: 1024px) 100vw, 1024px" /></figure>
</figure>
</div>



<div style="height:100px" aria-hidden="true" class="wp-block-spacer"></div>



<figure class="wp-block-gallery has-nested-images columns-default is-cropped wp-block-gallery-2 is-layout-flex wp-block-gallery-is-layout-flex"></figure>



<div style="height:100px" aria-hidden="true" class="wp-block-spacer"></div>



<div style="height:100px" aria-hidden="true" class="wp-block-spacer"></div>
